*b + 21*c**3 + 13*c**3 - 33*c**3 - 6. What is x(-6)?
-6
Let j = 220 + -211. Let p(m) = -j + 1 - 5 + 12 - 2*m. Give p(5).
-11
Let w(n) = -16*n**2 - 9*n + 11. Let d(y) = -11*y + 46*y**2 + 4 - 112*y**2 + 8 + 47*y**2. Let r(z) = 5*d(z) - 6*w(z). Give r(5).
14
Let a(x) be the first derivative of -x**2 - 3*x - 21. Let n(b) = 9*b + 39. Let k be n(-5). Calculate a(k).
9
Let n(z) be the first derivative of 2*z - 88 + 1/2*z**2. Let f(o) = o**2 + 6*o - 6. Let g be f(-6). Give n(g).
-4
Suppose -4*m = -12*m - 600. Let a = 79 + m. Let j(n) = 2 + 0*n**2 + 2*n + a - 4 - n**2. Determine j(3).
-1
Let d = -16 + -99. Let w = d - -123. Let z(t) = t**2 - 10*t + 1. Calculate z(w).
-15
Let l(q) = q**3 - 2*q**2 - 5*q - 3. Let k = 52 + -4. Let d = 29 - -15. Let t = k - d. What is l(t)?
9
Let x(m) = 315*m**2 + 6*m - 14. Let b(k) = 197*k**2 + 4*k - 9. Let o(d) = 8*b(d) - 5*x(d). Let g(i) = -i**2 + 3*i + 6. Let f be g(5). Calculate o(f).
6
Let j(x) = 3*x + 3. Let d(l) be the second derivative of l**3/6 + l**2/2 - 4*l + 61. Let n be 6/9*3 - -1. Let m(b) = n*j(b) - 8*d(b). Calculate m(-2).
-1
Let n(h) = 3*h - 3. Let w(u) = -4*u + 4. Let y(j) = -7*n(j) - 5*w(j). Let z(t) = 8*t - 1. Let o = 342 - 341. Let x(m) = o*z(m) + 4*y(m). What is x(-2)?
-5
Suppose -3*x + w + 7 + 2 = 0, -x = 3*w - 3. Let t(l) = 46822*l + 25*l**2 - 46825*l - 2 - 23*l**2. Give t(x).
7
Let d(s) = -s**2 - 11*s + 12. Suppose -5*l = 3*j + 23, j - l - 3 = -0*l. Let c be j + 5/(-1) + -5. Determine d(c).
12
Let o(f) = -9*f + 3 + 15*f + 3*f**2 - 2*f**2. Suppose -3*v - 7 = g, -4*v = -2*g - 14 - 0. Determine o(g).
10
Let v(n) = 612 - 124 - 569 - 21*n. Determine v(-4).
3
Let g(x) = 0*x**3 + 12*x**2 + 42 - x**3 - 10*x - 2*x - 28*x**2. What is g(-15)?
-3
Let j(p) be the second derivative of p**5/60 - 5*p**4/24 - p**3/6 + 38*p**2 + 6*p + 2. Let x(y) be the first derivative of j(y). What is x(4)?
-5
Let r(w) = -22*w**2 - 1. Let f(s) = 67*s**2 + 27*s + 78. Let k(l) = f(l) + 3*r(l). Determine k(-24).
3
Let h(a) = 6*a + 52. Let n(y) = 4*y + 34. Let q(s) = -s**2 + 16*s + 25. Let j be q(17). Let x(w) = j*n(w) - 5*h(w). Determine x(-6).
0
Let x be 264/15 + (-4)/(-10). Suppose d = -5*d + x. Suppose -2 = d*m + 4. Let v(q) = -2*q**3 + 2*q + 1. Determine v(m).
13
Let g(h) = 34 + 49 - 55 + h**2 - 3*h**2 + 27*h. Calculate g(13).
41
Let i(w) = -w - 14. Suppose -256 + 60 = 14*h. Determine i(h).
0
Suppose -26*q - 4 + 56 = 0. Suppose 5*u = -4*y + 17, -3*u + 15 = -5*y - q*u. Let o(w) = w**2 + 2*w + 3. What is o(y)?
3
Suppose -20*n = -29*n + 27. Let u(c) = -12*c**2 - c + 9*c**2 - c**n - 2 - c. Let v = -6 + 4. What is u(v)?
-2
Suppose 0 = 17*w - 27*w - 3*w - 33*w. Let l(n) = n**2 + 7*n - 51. Determine l(w).
-51
Let w(n) = -17*n - 73. Let i be 2 - 5 - 35/(-280)*-8. What is w(i)?
-5
Let f(v) = v**3 - 6*v**2 + v - 1. Let b be f(6). Let s(i) = i - 2. Let n(w) = 4*w + 2. Let z(a) = b*s(a) - n(a). Determine z(4).
-8
Suppose 1 = p - 4*b + 2, -2*b = -2. Suppose -v - 2*v = -a, -9 = p*v + 2*a. Let w(y) = 19*y - 18*y - 19*y**2 + 32*y**2. Calculate w(v).
12
Let x(n) be the third derivative of -n**5/60 - n**4/2 - 5*n**3/3 + 2*n**2. Suppose -3380*c = -3361*c + 190. Give x(c).
10
Let l = 1305 + -1309. Let q(r) = r. Let c be (-24)/36*(-3)/(-2). Let d(h) = -h**2 - 11*h - 1. Let n(u) = c*d(u) - 6*q(u). Calculate n(l).
-3
Let k(f) = -f**2 + 15*f - 13. Let t = -19 - -21. Suppose 0 = 2*w - t*d - 16, 0 = -3*w - d + 3*d + 28. Give k(w).
23
Let h(x) = -x**2 - 2*x - 2. Let y(r) = 1. Let f(z) = -16*z + 16. Let i(p) = f(p) - 4*y(p). Let w be i(1). Give h(w).
-10
Let c(w) = -200*w - 202*w + 397*w - 3 - w**2. Let g(h) = -9*h - 293. Let o be g(-32). Calculate c(o).
-3
Let t(c) = 5279*c**2 - c - 2641*c**2 + 16 - 2639*c**2 + 53. Determine t(8).
-3
Let k(i) = -8*i - 3. Let j(u) = -59*u - 130. Let o(y) = -j(y) + 5*k(y). Determine o(-7).
-18
Let l(h) = -h**3 - 4*h**2 - 3*h + 4. Suppose 36*x + 8 = 38*x. Suppose -u = x - 1. Give l(u).
4
Let y(l) be the third derivative of l**5/60 + l**4/2 - 7*l**3/6 - 318*l**2. Calculate y(-13).
6
Let n = -62 - -121. Suppose 7*b - 325 = -5*q, 5*b + 3*q - 8*q - 275 = 0. Let y = b - n. Let h(d) = d**2 + 10*d - 2. Calculate h(y).
-11
Let b(x) be the second derivative of -x**5/20 - 5*x**4/6 + x**3/6 - 4*x**2 - 14*x - 95. Give b(-10).
-18
Let j(p) = -3*p + 2. Let y be ((-207)/6)/((-12)/272). Let i be 5/((-170)/(-72)) + (-92)/y. Determine j(i).
-4
Let n(o) = -o**2 + 14*o + 101. Suppose -49*j - 54 = -52*j + t, -23 = -2*j + 5*t. Give n(j).
6
Let a(o) = 6*o + 27. Suppose -7*q - 939 = -501 - 522. Determine a(q).
99
Suppose -16*t = -14*t - 36. Let q = -3 + t. Let k(d) = d**2 - 15*d + 3. Let l be k(q). Let y(v) = -5*v - 3. What is y(l)?
-18
Let d(a) = -126*a**2 + 19*a + 64*a**2 + 63*a**2 - 8*a. Calculate d(-7).
-28
Let z(h) = 5 - 2 - 2*h + 0 - 4 - 2. Suppose 5*r + 3*m - 41 = 8, 3*r - 3*m = 15. Suppose -4*g + 0 = r. Determine z(g).
1
Let s(w) be the first derivative of -25*w**2/2 + 17*w + 569. What is s(-3)?
92
Suppose -2*a = -i + 5, 5*i + 35 = 2*a - 7*a. Let p be (4 + 49/(-21))/((-1)/i). Let m(r) = -r**3 + 4*r**2 + r - 5. Give m(p).
-25
Let l(g) = 4*g + 23. Let d(n) = 5*n + 15. Let c(u) = -2*d(u) + 3*l(u). Calculate c(-17).
5
Let p(o) = 220*o + 32*o**2 - 20 + 2*o**3 - 343*o + 122*o. Give p(-16).
-4
Suppose 2*h - 342 = -h - g, -4*g = -12. Let v(l) = h*l**2 - 3*l**3 - 7*l + 2*l**3 - 119*l**2 + l. Determine v(-4).
-8
Suppose -427*f - 41*f - 204*f - 6048 = 0. Let w(a) = -a**3 - 14*a**2 - 31*a - 7. Calculate w(f).
-133
Let r(l) = -l**3 - 5*l**2 - 6*l + 4. Suppose 25*d = -11*d - 7632. Let h = d + 207. Give r(h).
34
Let m(k) be the second derivative of -2 + 11/6*k**3 - 1/12*k**4 + 17/2*k**2 + 14*k. Determine m(12).
5
Let m(n) be the first derivative of -32*n**3/3 - 5*n**2/2 - 5*n + 1724. Determine m(-2).
-123
Suppose 0 = t + 8*s - 4*s - 13, -10 = 5*t - 5*s. Suppose 2*q + 2*x = -2*q + 10, 0 = 3*q - x - 5. Let w(f) = -f**q - 1 + f**2 - 2*f**2 + f. Calculate w(t).
-2
Let h(q) = 41*q - 4. Let m be h(0). Let v(k) = 3*k**3 - 6*k**2 + 4*k + 9. Let d(n) = -n**3 + n**2 - 1. Let b(c) = m*d(c) - v(c). Determine b(-3).
-2
Let r(o) = o**3 - 3*o**2 + 2*o - 1. Suppose -17 - 8 = 5*k. Let p = -2 - k. What is r(p)?
5
Let p(g) = 20*g + 101. Let u(k) = -37*k - 184. Let m(a) = 11*p(a) + 6*u(a). Calculate m(17).
-27
Let b(g) = -34*g - 15. Let c(a) = 12*a - 1. Let i(z) = -b(z) - 3*c(z). Give i(9).
0
Let s(l) = 5*l**2 - l + 1. Let b be ((-383)/(-11))/1 - 32/(-176). Suppose -36 + b = -p. What is s(p)?
5
Suppose 4*o - 8 = -20. Let p = -206 - -210. Let h(a) = 3 + 5 - p + 5*a. Determine h(o).
-11
Let n(z) be the first derivative of -z**6/120 - z**5/15 - z**4/24 + z**3/3 + z**2 + 2*z - 50. Let t(p) be the second derivative of n(p). Determine t(-4).
6
Let l(g) = -g**3 - 3*g**2 - 2*g + 1. Suppose y - 3 = -a, -3*y - 6 - 10 = -2*a. Calculate l(y).
1
Let a = 84 - 66. Let y(h) = h**3 - 22*h**2 + 74*h - 44. Let s be y(a). Let w(j) = 3*j. Give w(s).
-24
Suppose -3*b + 3*o + 3 = 0, o + o + 14 = -4*b. Let i(f) = 3*f**2 - 41*f + 41*f + 1. Give i(b).
13
Let y(r) be the second derivative of 1/2*r**4 - 5/6*r**3 - 2*r**2 - 7*r + 0 - 1/20*r**5. Let h = -87 + 91. Determine y(h).
8
Let l(a) = -a - 24. Let q be l(0). Let g = -23 - q. Let s(x) = 6*x - x**2 + g + 6*x**2 + 2 - 6*x**2. Determine s(3).
12
Suppose -2*u - 3*k = -40, -u + 4*k + 77 = 2*u. Let x(q) = q**3 - 24*q**2 + 21*q + 53. Let t be x(u). Let j(d) = d - 10. Give j(t).
-3
Let y(g) = 10. Let a(o) = -2*o + 70. Let z(c) = -2*a(c) + 14*y(c). Suppose -5*p = 5*f + 10, 5*p + f - 4 = 3*f. Suppose p = s - 2 + 3. Determine z(s).
-4
Let q(d) = -9*d - 56. Let v(f) = 2*f + 10. Let u(h) = q(h) + 4*v(h). Calculate u(-14).
-2
Let i(w) be the third derivative of -w**6/180 + 3*w**5/40 + 3*w**4/8 - 27*w**3/2 + 28*w**2 + 2*w. Let q(r) be the first derivative of i(r). Calculate q(7).
-26
Let j(c) = -18*c + 2*c**2 + 33001 - 32968 - 14*c + 10*c. Calculate j(9).
-3
Let b(h) = -h**2 + 6*h - 30. Let j(i) = i**2 - 3*i + 14. Let n(x) = -6*b(x) - 13*j(x). What is n(1)?
-6
Let o be (25857/(-170))/13 + 9/60*-2. Let v(b) = -b**3 - 13*b**2 - 4*b + 89. Determine v(o).
-7
Let t(k) = k**2 + 4*k + 9. Let f be t(-4). Let y(w) = w**3 - 19*w**2 + 3. Let g(u) = -2*u**2 + 1. Let d(m) = -5*g(m) + y(m). Give d(f).
-2
Suppose -5*d = -5*d + 8*d. Let y(j) = -3*j - 13. What is y(d)?
-13
Le